{"id":97,"date":"2020-08-03T11:49:44","date_gmt":"2020-08-03T11:49:44","guid":{"rendered":"http:\/\/frohotoho.de\/?page_id=97"},"modified":"2024-12-11T19:44:34","modified_gmt":"2024-12-11T19:44:34","slug":"start","status":"publish","type":"page","link":"https:\/\/frohotoho.de\/","title":{"rendered":"Start"},"content":{"rendered":"\n<p><strong>Hallo und willkommen auf unserer Homepage!<\/strong><\/p>\n\n\n\n<p>Wir sind Marisa und Paul, oder auch <strong>From Home to Home<\/strong>, ein Songwriter-Duo aus Essen. Gemeinsam schreiben wir Songs, die von allem handeln, was uns bewegt, ber\u00fchrt, w\u00fctend macht, am\u00fcsiert, gl\u00fccklich macht oder einfach nur im Alltag begegnet. Im Idealfall haben dabei nicht nur wir, sondern auch unsere Zuh\u00f6rer und Zuh\u00f6rerinnen Spa\u00df. Klickt Euch gern durch unsere Homepage und kontaktiert uns, wenn wir bei Euch spielen sollen!<\/p>\n\n\n\n<p>Eure Marisa und Euer Paul<\/p>\n\n\n\n<figure class=\"wp-block-image size-large\"><img loading=\"lazy\" decoding=\"async\" width=\"683\" height=\"1024\" src=\"https:\/\/frohotoho.de\/wp-content\/uploads\/2024\/12\/MG_0099-2-683x1024.jpeg\" alt=\"\" class=\"wp-image-443\" srcset=\"https:\/\/frohotoho.de\/wp-content\/uploads\/2024\/12\/MG_0099-2-683x1024.jpeg 683w, https:\/\/frohotoho.de\/wp-content\/uploads\/2024\/12\/MG_0099-2-200x300.jpeg 200w, https:\/\/frohotoho.de\/wp-content\/uploads\/2024\/12\/MG_0099-2-768x1152.jpeg 768w, https:\/\/frohotoho.de\/wp-content\/uploads\/2024\/12\/MG_0099-2-1024x1536.jpeg 1024w, https:\/\/frohotoho.de\/wp-content\/uploads\/2024\/12\/MG_0099-2-1365x2048.jpeg 1365w, https:\/\/frohotoho.de\/wp-content\/uploads\/2024\/12\/MG_0099-2-740x1110.jpeg 740w, https:\/\/frohotoho.de\/wp-content\/uploads\/2024\/12\/MG_0099-2-400x600.jpeg 400w, https:\/\/frohotoho.de\/wp-content\/uploads\/2024\/12\/MG_0099-2-scaled.jpeg 1707w\" sizes=\"auto, (max-width: 683px) 100vw, 683px\" \/><\/figure>\n\n\n\n<p><\/p>\n","protected":false},"excerpt":{"rendered":"<p>Hallo und willkommen auf unserer Homepage! Wir sind Marisa und Paul, oder auch From Home to Home, ein Songwriter-Duo aus Essen. Gemeinsam schreiben wir Songs, die von allem handeln, was uns bewegt, ber\u00fchrt, w\u00fctend macht, am\u00fcsiert, gl\u00fccklich macht oder einfach nur im Alltag begegnet. Im Idealfall haben dabei nicht nur wir, sondern auch unsere Zuh\u00f6rer&hellip; <a class=\"more-link\" href=\"https:\/\/frohotoho.de\/\">Continue reading &rarr;<\/a><\/p>\n","protected":false},"author":1,"featured_media":0,"parent":0,"menu_order":0,"comment_status":"closed","ping_status":"closed","template":"","meta":{"footnotes":""},"class_list":["post-97","page","type-page","status-publish","hentry"],"yoast_head":"<!-- This site is optimized with the Yoast SEO plugin v27.5 - https:\/\/yoast.com\/product\/yoast-seo-wordpress\/ -->\n<title>Willkommen bei From Home to Home! Alle Infos zum Musiker-Duo aus Essen<\/title>\n<meta name=\"description\" content=\"Alle Infos zum Duo &quot;From Home to Home&quot; - H\u00f6rproben, Videos, Infos zu Ausbildung, Erfahrungen und Buchungsm\u00f6glichkeiten.\" \/>\n<meta name=\"robots\" content=\"index, follow, max-snippet:-1, max-image-preview:large, max-video-preview:-1\" \/>\n<link rel=\"canonical\" href=\"https:\/\/frohotoho.de\/\" \/>\n<meta property=\"og:locale\" content=\"de_DE\" \/>\n<meta property=\"og:type\" content=\"article\" \/>\n<meta property=\"og:title\" content=\"Willkommen bei From Home to Home! Alle Infos zum Musiker-Duo aus Essen\" \/>\n<meta property=\"og:description\" content=\"Alle Infos zum Duo &quot;From Home to Home&quot; - H\u00f6rproben, Videos, Infos zu Ausbildung, Erfahrungen und Buchungsm\u00f6glichkeiten.\" \/>\n<meta property=\"og:url\" content=\"https:\/\/frohotoho.de\/\" \/>\n<meta property=\"og:site_name\" content=\"From Home to Home\" \/>\n<meta property=\"article:modified_time\" content=\"2024-12-11T19:44:34+00:00\" \/>\n<meta property=\"og:image\" content=\"https:\/\/frohotoho.de\/wp-content\/uploads\/2024\/12\/MG_0099-2-scaled.jpeg\" \/>\n\t<meta property=\"og:image:width\" content=\"1707\" \/>\n\t<meta property=\"og:image:height\" content=\"2560\" \/>\n\t<meta property=\"og:image:type\" content=\"image\/jpeg\" \/>\n<meta name=\"twitter:card\" content=\"summary_large_image\" \/>\n<meta name=\"twitter:label1\" content=\"Gesch\u00e4tzte Lesezeit\" \/>\n\t<meta name=\"twitter:data1\" content=\"1\u00a0Minute\" \/>\n<script type=\"application\/ld+json\" class=\"yoast-schema-graph\">{\"@context\":\"https:\\\/\\\/schema.org\",\"@graph\":[{\"@type\":\"WebPage\",\"@id\":\"https:\\\/\\\/frohotoho.de\\\/\",\"url\":\"https:\\\/\\\/frohotoho.de\\\/\",\"name\":\"Willkommen bei From Home to Home! Alle Infos zum Musiker-Duo aus Essen\",\"isPartOf\":{\"@id\":\"https:\\\/\\\/frohotoho.de\\\/#website\"},\"primaryImageOfPage\":{\"@id\":\"https:\\\/\\\/frohotoho.de\\\/#primaryimage\"},\"image\":{\"@id\":\"https:\\\/\\\/frohotoho.de\\\/#primaryimage\"},\"thumbnailUrl\":\"https:\\\/\\\/frohotoho.de\\\/wp-content\\\/uploads\\\/2024\\\/12\\\/MG_0099-2-683x1024.jpeg\",\"datePublished\":\"2020-08-03T11:49:44+00:00\",\"dateModified\":\"2024-12-11T19:44:34+00:00\",\"description\":\"Alle Infos zum Duo \\\"From Home to Home\\\" - H\u00f6rproben, Videos, Infos zu Ausbildung, Erfahrungen und Buchungsm\u00f6glichkeiten.\",\"breadcrumb\":{\"@id\":\"https:\\\/\\\/frohotoho.de\\\/#breadcrumb\"},\"inLanguage\":\"de\",\"potentialAction\":[{\"@type\":\"ReadAction\",\"target\":[\"https:\\\/\\\/frohotoho.de\\\/\"]}]},{\"@type\":\"ImageObject\",\"inLanguage\":\"de\",\"@id\":\"https:\\\/\\\/frohotoho.de\\\/#primaryimage\",\"url\":\"https:\\\/\\\/frohotoho.de\\\/wp-content\\\/uploads\\\/2024\\\/12\\\/MG_0099-2-scaled.jpeg\",\"contentUrl\":\"https:\\\/\\\/frohotoho.de\\\/wp-content\\\/uploads\\\/2024\\\/12\\\/MG_0099-2-scaled.jpeg\",\"width\":1707,\"height\":2560},{\"@type\":\"BreadcrumbList\",\"@id\":\"https:\\\/\\\/frohotoho.de\\\/#breadcrumb\",\"itemListElement\":[{\"@type\":\"ListItem\",\"position\":1,\"name\":\"Startseite\",\"item\":\"https:\\\/\\\/frohotoho.de\\\/\"},{\"@type\":\"ListItem\",\"position\":2,\"name\":\"Start\"}]},{\"@type\":\"WebSite\",\"@id\":\"https:\\\/\\\/frohotoho.de\\\/#website\",\"url\":\"https:\\\/\\\/frohotoho.de\\\/\",\"name\":\"From Home to Home\",\"description\":\"Songwriter-Duo aus Essen - findet hier alles zu unserer Musik, \u00fcber uns und wie Ihr uns buchen k\u00f6nnt!\",\"potentialAction\":[{\"@type\":\"SearchAction\",\"target\":{\"@type\":\"EntryPoint\",\"urlTemplate\":\"https:\\\/\\\/frohotoho.de\\\/?s={search_term_string}\"},\"query-input\":{\"@type\":\"PropertyValueSpecification\",\"valueRequired\":true,\"valueName\":\"search_term_string\"}}],\"inLanguage\":\"de\"}]}<\/script>\n<!-- \/ Yoast SEO plugin. -->","yoast_head_json":{"title":"Willkommen bei From Home to Home! Alle Infos zum Musiker-Duo aus Essen","description":"Alle Infos zum Duo \"From Home to Home\" - H\u00f6rproben, Videos, Infos zu Ausbildung, Erfahrungen und Buchungsm\u00f6glichkeiten.","robots":{"index":"index","follow":"follow","max-snippet":"max-snippet:-1","max-image-preview":"max-image-preview:large","max-video-preview":"max-video-preview:-1"},"canonical":"https:\/\/frohotoho.de\/","og_locale":"de_DE","og_type":"article","og_title":"Willkommen bei From Home to Home! Alle Infos zum Musiker-Duo aus Essen","og_description":"Alle Infos zum Duo \"From Home to Home\" - H\u00f6rproben, Videos, Infos zu Ausbildung, Erfahrungen und Buchungsm\u00f6glichkeiten.","og_url":"https:\/\/frohotoho.de\/","og_site_name":"From Home to Home","article_modified_time":"2024-12-11T19:44:34+00:00","og_image":[{"width":1707,"height":2560,"url":"https:\/\/frohotoho.de\/wp-content\/uploads\/2024\/12\/MG_0099-2-scaled.jpeg","type":"image\/jpeg"}],"twitter_card":"summary_large_image","twitter_misc":{"Gesch\u00e4tzte Lesezeit":"1\u00a0Minute"},"schema":{"@context":"https:\/\/schema.org","@graph":[{"@type":"WebPage","@id":"https:\/\/frohotoho.de\/","url":"https:\/\/frohotoho.de\/","name":"Willkommen bei From Home to Home! Alle Infos zum Musiker-Duo aus Essen","isPartOf":{"@id":"https:\/\/frohotoho.de\/#website"},"primaryImageOfPage":{"@id":"https:\/\/frohotoho.de\/#primaryimage"},"image":{"@id":"https:\/\/frohotoho.de\/#primaryimage"},"thumbnailUrl":"https:\/\/frohotoho.de\/wp-content\/uploads\/2024\/12\/MG_0099-2-683x1024.jpeg","datePublished":"2020-08-03T11:49:44+00:00","dateModified":"2024-12-11T19:44:34+00:00","description":"Alle Infos zum Duo \"From Home to Home\" - H\u00f6rproben, Videos, Infos zu Ausbildung, Erfahrungen und Buchungsm\u00f6glichkeiten.","breadcrumb":{"@id":"https:\/\/frohotoho.de\/#breadcrumb"},"inLanguage":"de","potentialAction":[{"@type":"ReadAction","target":["https:\/\/frohotoho.de\/"]}]},{"@type":"ImageObject","inLanguage":"de","@id":"https:\/\/frohotoho.de\/#primaryimage","url":"https:\/\/frohotoho.de\/wp-content\/uploads\/2024\/12\/MG_0099-2-scaled.jpeg","contentUrl":"https:\/\/frohotoho.de\/wp-content\/uploads\/2024\/12\/MG_0099-2-scaled.jpeg","width":1707,"height":2560},{"@type":"BreadcrumbList","@id":"https:\/\/frohotoho.de\/#breadcrumb","itemListElement":[{"@type":"ListItem","position":1,"name":"Startseite","item":"https:\/\/frohotoho.de\/"},{"@type":"ListItem","position":2,"name":"Start"}]},{"@type":"WebSite","@id":"https:\/\/frohotoho.de\/#website","url":"https:\/\/frohotoho.de\/","name":"From Home to Home","description":"Songwriter-Duo aus Essen - findet hier alles zu unserer Musik, \u00fcber uns und wie Ihr uns buchen k\u00f6nnt!","potentialAction":[{"@type":"SearchAction","target":{"@type":"EntryPoint","urlTemplate":"https:\/\/frohotoho.de\/?s={search_term_string}"},"query-input":{"@type":"PropertyValueSpecification","valueRequired":true,"valueName":"search_term_string"}}],"inLanguage":"de"}]}},"_links":{"self":[{"href":"https:\/\/frohotoho.de\/index.php?rest_route=\/wp\/v2\/pages\/97","targetHints":{"allow":["GET"]}}],"collection":[{"href":"https:\/\/frohotoho.de\/index.php?rest_route=\/wp\/v2\/pages"}],"about":[{"href":"https:\/\/frohotoho.de\/index.php?rest_route=\/wp\/v2\/types\/page"}],"author":[{"embeddable":true,"href":"https:\/\/frohotoho.de\/index.php?rest_route=\/wp\/v2\/users\/1"}],"replies":[{"embeddable":true,"href":"https:\/\/frohotoho.de\/index.php?rest_route=%2Fwp%2Fv2%2Fcomments&post=97"}],"version-history":[{"count":24,"href":"https:\/\/frohotoho.de\/index.php?rest_route=\/wp\/v2\/pages\/97\/revisions"}],"predecessor-version":[{"id":445,"href":"https:\/\/frohotoho.de\/index.php?rest_route=\/wp\/v2\/pages\/97\/revisions\/445"}],"wp:attachment":[{"href":"https:\/\/frohotoho.de\/index.php?rest_route=%2Fwp%2Fv2%2Fmedia&parent=97"}],"curies":[{"name":"wp","href":"https:\/\/api.w.org\/{rel}","templated":true}]}}